n(f) = 2*f**2 + 119*f + 1566. Determine n(-20).
-14
Let u(a) = a**3 - 22*a**2 + 33*a - 11. Calculate u(19).
-467
Let l(i) = 8*i**2 + 28*i - 65. Calculate l(-4).
-49
Let i(h) = 4*h**2 + 15*h - 24. Calculate i(10).
526
Let y(z) = 3*z**2 + 2*z - 250. Calculate y(-10).
30
Let o(n) = -38*n + 2062. What is o(54)?
10
Let z(r) = 225*r**2 + 46*r - 7. Determine z(-1).
172
Let k(w) = 7*w**2 + 25*w + 19. What is k(-2)?
-3
Let a(k) = 18*k - 22. Calculate a(3).
32
Let i(r) = 2*r**2 + 17*r - 29. Determine i(-13).
88
Let l(o) = -10*o**2 - 143*o - 354. Calculate l(-11).
9
Let x(a) = 19*a + 234. Determine x(-12).
6
Let l(f) = -3*f**3 - 159*f**2 + 19*f + 996. Determine l(-53).
-11
Let c(z) = z**3 - 11*z**2 - 106*z - 13. What is c(-6)?
11
Let m(v) = 59*v - 21. What is m(1)?
38
Let l(g) = -2*g**2 + 704*g + 9473. Give l(-13).
-17
Let d(i) = 227*i**2 + 4768*i + 20. Give d(-21).
-1
Let c(r) = -4*r - 355. Calculate c(-89).
1
Let g(y) = y**3 + 20*y**2 + 34*y + 269. Give g(-19).
-16
Let m(n) = -4*n**3 - 72*n**2 + 3*n + 62. Give m(-18).
8
Let o(y) = 16*y - 68. Calculate o(0).
-68
Let b(a) = -3*a + 40. Determine b(-9).
67
Let z(w) = -w**2 - 104*w + 4938. Calculate z(35).
73
Let n(u) = -36*u**2 + 508*u - 527. What is n(13)?
-7
Let g(v) = -2*v**3 + 2*v**2 + 18*v + 95. What is g(-4)?
183
Let y(h) = -h**3 + 11*h**2 + 18*h + 31. Give y(13).
-73
Let g(k) = -177*k - 10787. Determine g(-61).
10
Let p(i) = 9*i**3 + 3*i + 4. Give p(2).
82
Let q(m) = -m**3 + 5*m**2 + 57*m + 6. Calculate q(11).
-93
Let c(h) = h**3 - 10*h**2 - 8*h + 49. Give c(10).
-31
Let w(u) = -18*u**2 - 773*u - 772. Give w(-1).
-17
Let r(q) = -3*q**2 + 197*q - 202. What is r(59)?
978
Let v(r) = -7*r - 56. Give v(-19).
77
Let g(o) = -166*o**3 - 2*o**2 + 2*o - 3. What is g(1)?
-169
Let m(f) = -f**3 - 6*f**2 + f + 17. Calculate m(-4).
-19
Let t(c) = -3*c**3 + 20*c**2 + 56*c - 388. Calculate t(5).
17
Let g(s) = s**3 + 27*s**2 + 75*s - 262. Give g(-23).
129
Let r(y) = 15*y**2 - 65*y + 133. Give r(2).
63
Let u(q) = -9*q + 113. Determine u(9).
32
Let s(q) = -2*q**3 + 78*q**2 + 349*q - 220. Calculate s(43).
-5
Let y(h) = -234*h**2 - 4*h + 4. Determine y(1).
-234
Let o(q) = -426*q**3 + q**2 + 41*q + 41. Calculate o(-1).
427
Let i(d) = d**2 - 33*d + 81. What is i(21)?
-171
Let i(p) = 3*p**2 - 66*p + 775. Calculate i(0).
775
Let o(b) = b**3 - 12*b**2 - 9*b + 56. Determine o(12).
-52
Let g(i) = i - 48. What is g(10)?
-38
Let p(b) = 37*b - 245. Give p(9).
88
Let q(m) = 2*m**3 + 7*m**2 - 4*m - 25. Calculate q(-4).
-25
Let c(x) = -2889*x - 14430. Give c(-5).
15
Let a(y) = -y**3 - 34*y**2 - 35*y - 115. Give a(-33).
-49
Let h(u) = 89*u - 2008. Calculate h(22).
-50
Let n(h) = 4*h**2 + 3*h - 8. Give n(-4).
44
Let l(g) = 46*g**2 + 98*g + 13. Determine l(-2).
1
Let s(t) = -2*t**2 - 88*t - 485. What is s(-39)?
-95
Let y(k) = 52*k + 789. Give y(-15).
9
Let a(r) = 21*r + 44. Give a(-2).
2
Let w(v) = v**3 - 14*v**2 + 14*v + 9. Give w(13).
22
Let l(j) = -j**2 - 20*j + 4902. What is l(61)?
-39
Let f(n) = -92*n + 2571. Calculate f(28).
-5
Let a(r) = -5*r**3 + 439*r**2 + 87*r + 88. What is a(88)?
0
Let w(n) = n**3 + 38*n**2 - 81*n - 10. Calculate w(-40).
30
Let y(u) = -182*u - 1456. Calculate y(-8).
0
Let n(m) = m**3 - 60*m**2 + 28*m - 1671. What is n(60)?
9
Let z(u) = 1989*u + 15911. Calculate z(-8).
-1
Let a(k) = -k**2 - 21*k - 73. Give a(-12).
35
Let g(x) = x**3 + 8*x**2 - 208*x + 28. What is g(-19)?
9
Let g(d) = -d**3 + 24*d**2 - 58*d - 39. Give g(21).
66
Let b(i) = i**3 - 40*i**2 - 22*i - 786. What is b(41)?
-7
Let n(y) = 291*y + 816. Give n(-3).
-57
Let p(n) = -13*n**2 - 1968*n + 1217. What is p(-152)?
1
Let j(a) = a**3 - 59*a**2 + 736*a + 51. Give j(18).
15
Let f(t) = t**3 - 18*t**2 + 29*t - 147. Give f(17).
57
Let n(m) = 2*m - 486. Give n(24).
-438
Let y(n) = -n**2 - 40*n + 20. Give y(-39).
59
Let w(v) = -58*v - 25. Determine w(-13).
729
Let a(d) = d**3 - 9*d**2 + 6*d - 169. What is a(10)?
-9
Let y(n) = 3*n**2 + 11*n - 87. Calculate y(4).
5
Let o(c) = -254*c**2 + 40*c + 2. What is o(1)?
-212
Let m(p) = -17*p**2 - 386*p - 604. Determine m(-21).
5
Let r(y) = y**2 + 15*y + 1. Give r(-9).
-53
Let m(g) = 5*g**3 - 7*g**2 - 3*g + 15. Determine m(2).
21
Let v(r) = -r**2 - 262*r + 9400. What is v(32)?
-8
Let o(t) = -t**2 - 61*t + 642. Determine o(-63).
516
Let i(b) = -b - 27. Determine i(-5).
-22
Let y(v) = -v**2 + 268*v + 19299. Give y(-59).
6
Let a(l) = l**2 + 112*l + 2542. What is a(-79)?
-65
Let m(w) = 2*w**3 + 10*w**2 - 31*w + 123. Determine m(-8).
-13
Let t(z) = -z**3 + 80*z**2 + 497*z + 1638. Determine t(86).
4
Let b(m) = -m**3 - 42*m**2 - 114*m + 109. Calculate b(-39).
-8
Let s(w) = 4*w**2 - 54*w + 12. Determine s(7).
-170
Let g(a) = -11*a**2 + 70*a + 266. What is g(9)?
5
Let a(m) = 13*m**2 - 66*m - 73. Determine a(6).
-1
Let a(p) = -p**3 - 13*p**2 + 37*p + 592. What is a(-12)?
4
Let j(k) = -319*k**2 + 1594*k - 5. What is j(5)?
-10
Let p(o) = -15*o**2 - 234*o - 871. What is p(-9)?
20
Let b(x) = -x**2 + 33*x + 471. Determine b(44).
-13
Let y(h) = -h**3 - 36*h**2 - 58. Give y(-36).
-58
Let h(i) = -3*i**2 - 25*i - 55. What is h(-3)?
-7
Let h(w) = -25*w + 431. Calculate h(16).
31
Let k(y) = 9*y**2 - 45*y. Calculate k(2).
-54
Let j(c) = -c**2 - 3*c + 147. Determine j(9).
39
Let s(f) = 17*f - 88. Determine s(6).
14
Let p(i) = -4*i**2 + 55*i - 10. What is p(0)?
-10
Let s(w) = -w**3 + 6*w**2 + 627*w - 3164. Determine s(5).
-4
Let l(w) = -200*w + 2588. Determine l(13).
-12
Let y(r) = -35*r + 82. Give y(2).
12
Let j(b) = -2*b**3 - 8*b**2 - 31*b - 76. What is j(-3)?
-1
Let q(y) = -y**2 + 5*y - 171. Give q(0).
-171
Let z(x) = x**3 - 14*x**2 - 32*x + 29. Calculate z(15).
-226
Let q(z) = z**2 - 291*z + 20769. Give q(127).
-59
Let x(o) = -2*o**3 + 169*o**2 - 3164*o - 5. What is x(28)?
-5
Let q(m) = m**3 + 176*m**2 - 523*m + 2513. Calculate q(-179).
7
Let m(u) = -u**3 + 12*u**2 + 21*u + 100. Give m(14).
2
Let q(z) = -19*z - 283. Calculate q(-10).
-93
Let p(j) = -j**3 - 2*j**2 + 78*j - 1. Determine p(7).
104
Let d(q) = -q**3 + 22*q**2 - 53*q + 297. Calculate d(20).
37
Let n(z) = z**2 - 82*z - 1523. Determine n(91).
-704
Let z(o) = 61*o - 1490. Give z(25).
35
Let t(l) = -166*l - 30. Determine t(-4).
634
Let t(x) = -4*x**2 - 58*x + 2772. Calculate t(20).
12
Let m(b) = b**3 - 5*b**2 - 171*b + 50. Give m(-11).
-5
Let v(k) = k**3 - 8*k**2 - 63*k - 6. What is v(13)?
20
Let w(r) = -7667*r + 84343. Give w(11).
6
Let d(w) = -4*w**3 + 61*w**2 + 157*w - 1741. Give d(16).
3
Let p(v) = 9*v**3 - 2*v**2 + 3*v + 16. Calculate p(-3).
-254
Let i(t) = 2*t**2 - 86*t + 397. Determine i(41).
233
Let n(p) = 2*p**3 - 62*p**2 + 58*p + 21. Give n(30).
-39
Let i(n) = -1703*n + 35766. What is i(21)?
3
Let p(c) = 121*c - 1854. Give p(15).
-39
Let z(w) = -9*w**2 - 77*w + 132. Determine z(-10).
2
Let p(x) = 2*x**2 - 4*x - 20. Determine p(12).
220
Let v(j) = 6*j**2 + 27*j + 103. What is v(-5)?
118
Let i(k) = k**2 - 42*k + 446. Calculate i(20).
6
Let w(v) = v**3 + 7*v**2 - 17*v - 11. Calculate w(-7).
108
Let v(p) = 6*p**2 - 29*p - 146. Calculate v(8).
6
Let v(n) = 63*n**2 - 33*n + 9. Determine v(2).
195
Let m(d) = d**3 + 26*d**2 + 29*d + 135. Determine m(-25).
35
Let v(b) = 3*b**2 + 198*b + 379. What is v(-64)?
-5
Let n(i) = 2*i**2 + 130*i + 126. Calculate n(-64).
-2
Let s(x) = -1984*x + 7932. Give s(4).
-4
Let n(v) = -v**3 - 15*v**2 + 59*v + 53. What is n(-17)?
-372
Let r(d) = -3*d**2 - 102*d + 1159. Calculate r(-43).
-2
Let d(f) = -5*f**2 - 44*f + 12. Determine d(-9).
3
Let a(d) = -48*d**3 - d**2 + 16*d - 15. Give a(1).
-48
Let t(z) = 57492*z + 172474. Give t(-3).
-2
Let r(n) = -n**3 + 28*n**2 - 66*n + 341. Determine r(26).
-23
Let q(p) = -2*p**3 + 9*p**2 + 16*p - 73. What is q(7)?
-206
Let z(s) = s**3 - 15*s**2 + 26*s + 1. Determine z(13).
1
Let c(y) = -y**2 + 2778*y - 131048. Calculate c(48).
-8
Let f(w) = -w**3 - 84*w**2 + 95*w + 858. Determine f(-85).
8
Let l(u) = u**3 + 18*u**2 + 49*u - 31. Give l(-5).
49
Let o(s) = 52*s - 2497. Calculate o(48).
-1
Let k(z) = -12*z**3 - 7*z**2 - 19*z - 3. Calculate k(-3).
315
Let u(g) = -62*g**2 + 379*g - 48. Calculate u(6).
-6
Let r(b) = 5*b**2 - 113*b + 168. Give r(21).
0
Let f(d) = 7*d - 38. What is f(6)?
4
Let q(z) = z**2 - 66*z + 982. What is q(42)?
-26
Let r(z) = -z**3 - 5*z**2 - 100*z - 636. Calculate r(-6).
0
Let q(a) = 42*a + 465.